+ 47 + -32)?
21
Calculate 7 + -27 - (-29 - 3).
12
What is (-1 - (-5 + (3 - 1))) + -76 + 93?
19
(13 - (-10 - (-9 - 10))) + 7
11
What is 0 + 10 - (25 + 9 - 11 - -13)?
-26
-9 - (-10 + (10 - 8)) - (-2 - 18)
19
What is the value of (-10 - 2 - 12) + -10?
-34
What is the value of (18 - 25) + -5 - -5?
-7
Calculate 39 + -27 + 0 + -2.
10
What is the value of -23 + -10 + 22 + 4 + -12 + -8?
-27
(-3 - ((4 - 5) + -21)) + (8 - 5)
22
(1 - 3) + (3 - 0) - (11 + -13)
3
Calculate 17 + 16 + -15 + 21.
39
Evaluate 17 + 9 + -2 + (3 + -24 - -24).
27
What is the value of 8 - (3 + (5 - (-6 + 5 + -8)))?
-9
What is -4 - (9 - (6 - -14))?
7
Calculate -2 - 4 - (20 - 30).
4
What is the value of 4 - -5 - 7 - (1 - (3 + 0))?
4
Calculate 21 + -25 - (-25 + 8).
13
Evaluate 12 - (-30 + -6) - 18.
30
Calculate 10 - (30 - (-6 + 10)).
-16
What is the value of (2 + 6 + 0 - (-9 - -14)) + -7?
-4
Calculate 43 + -51 - (-10 - -4).
-2
What is -1 + 1 - (-33 - (-44 + 23))?
12
Calculate -13 - -2 - (4 - (5 - 11 - -9)).
-12
What is -33 - -50 - 27 - (7 + 0)?
-17
What is the value of 11 - 5 - (34 - 51)?
23
Calculate -5 + (12 - -16 - 8) + -7.
8
6 - 23 - (-3 - 0) - -9
-5
What is (7 - 6) + -5 + 6 + -3?
-1
7 - -1 - (14 + -10 + 1 - -1)
2
3 - 3 - (8 + 7 + -8 + 4)
-11
Evaluate 5 + 6 - 5 - -14.
20
What is 5 + -2 + 0 + 1 - (-3 - 1)?
8
184 - 182 - (-1 - -2 - -9) - 1
-9
5 + 140 + -157 + (1 - 4)
-15
Calculate (-22 - (-27 + 7)) + -17.
-19
What is -5 + 16 + -38 + -7?
-34
What is (13 - (-6 - -10)) + -8 + 0?
1
Evaluate 13 + 8 + 1 + -7.
15
What is (-7 - -26) + -8 - 6 - (-1 + 4)?
2
Evaluate 1 + (12 - 3) + 908 + -898.
20
-17 + 37 + -11 - 16 - (1 + -8)
0
-17 - (-23 + 3) - (0 + -5 - 2)
10
What is 29 + 6 + -17 - 30?
-12
Calculate 10 + (14 - (10 + 4 + -12) - -5).
27
0 + 4 + (-4 - (-8 + 10)) + 18
16
Calculate -1 - (-8 + 3 - -10).
-6
Calculate 4 + -2 + 8 + -1.
9
(45 - 14) + -10 - (-5 + 9)
17
Calculate 10 + -58 + 53 + 11 + -2 + -5.
9
What is the value of -9 - (-2 - (14 - -6))?
13
Evaluate 2 - 1 - (-115 - -119 - (3 - 1)).
-1
Calculate 6 + (-1 + 4 - (43 + -39)) + -7.
-2
What is the value of 24 + (0 - (-1 + 7)) + -8 + 3?
13
(-1 - (-21 + 6 - -8)) + 1 + -7
0
Evaluate -7 + (-7 - ((-10 - 7) + 4)).
-1
(-3 + 5 - 3) + (17 - 8) + -4
4
Calculate (7 - -2) + -2 + (-118 - -117) - 12.
-6
What is 12 - (5 - (-9 + -1 + 9))?
6
What is the value of (-10 - (-21 - 2) - (4 - 1)) + 2?
12
Evaluate -5 - ((2 - 6) + -10).
9
Evaluate (-28 - -12 - -2) + 23.
9
18 - 9 - 16 - (0 - 7)
0
What is the value of 4 + (9 - (5 - 0) - 3) - 2?
3
Calculate 4 + (-18 - (-2 + -4 + -2 + 5)).
-11
Evaluate 40 + -10 - (1 - -18).
11
What is -7 + 12 + -6 + -2 + 7?
4
What is -11 - (-10 + 11) - -6?
-6
Calculate 1 + 4 + (47 - 57) + 5 + -3.
-3
Evaluate 3 + 18 + -4 - 36.
-19
What is -12 - -29 - 7 - 6 - (0 + -2)?
6
What is 3 + -1 + -27 + 6 + (0 - 0)?
-19
Evaluate 11 + -15 + 10 - -21.
27
-3 + 2 + (6 - (9 - 6))
2
What is -15 + 34 + 12 + -17?
14
Calculate 0 - ((3 + 1 - 2) + -21 + 3).
16
Evaluate -8 - (-96 + 92 - (0 + -4)).
-8
Calculate -34 - (13 + 12 - 57).
-2
Calculate -8 + (7 - (11 + 4) - -43).
27
Calculate -3 + 4 + -1 + (-3 - -6) + -13.
-10
Evaluate -15 + 45 + -9 + -7.
14
(3 + -16 - -32) + -7
12
What is the value of (3 - -42) + -30 + -14?
1
Calculate -4 + (-3 - (7 + -7)) + 4 + -3.
-6
What is 22 - 9 - 19 - 3?
-9
What is the value of (12 + -7 - -7) + -8?
4
Evaluate 50 - (-15 + -1 + 274 + -247).
39
What is the value of 37 + (-10 - -14) + (2 - 17)?
26
-190 + 202 - (0 + 22)
-10
16 + (-7 + 2 - (-131 - -135))
7
What is the value of -29 + (10 - -12) + (1 - -1) - -23?
18
What is -13 + 24 + -13 + 5?
3
Evaluate -2 + (0 + (5 - 7) - (5 + -3)).
-6
Calculate (3 + 19 - 0) + -5 + 15 + -24.
8
Calculate 2 - -6 - (-5 + 47 + -20).
-14
-2 + (0 - -12) + -9
1
Calculate -45 - -20 - (-24 + 1).
-2
What is the value of -6 + (10 - 11) - (20 - 7)?
-20
Calculate 17 - (0 - -11 - -16).
-10
What is (-1 + 3 - 12) + (-88 - -92)?
-6
-10 + -4 + -1 - -26
11
What is 17 + -14 + -27 + 5?
-19
What is the value of 6 + (20 - (-19 + 37) - (6 - 0))?
2
Calculate -17 + 4 + 0 + 11.
-2
Evaluate (-1 - (4 + -1)) + -4 + -5 + 4.
-9
Calculate 341 - 363 - (2 + 4 - -2).
-30
Calculate -15 + 29 + -5 + -6.
3
-40 - ((35 - 23) + -37)
-15
Evaluate (12 - (23 - 0)) + 5 - (-7 - 0).
1
Calculate 100 - 103 - (-12 + 0).
9
Evaluate (-851 - -876) + 0 + 9.
34
What is the value of 3 + ((-21 - -4) + 3 - (7 - -1))?
-19
What is 2 - (-5 + -1 + 1 - (7 + -8))?
6
-9 + 0 + (-8 + (24 - 10) - 11)
-14
Evaluate 10 + (-3 + -8 - (-2 - 3)).
4
(9 + -7 + -4 - (-1 + 3)) + 12
8
Evaluate -38 + 7 + 12 + 41.
22
What is the value of (21 - 15) + (16 - 4 - 6)?
12
Calculate 1 + (-1 - -6) + (-16 - -16) - 0.
6
What is the value of 54 - 56 - (6 + -3)?
-5
Calculate (6 + 8 - 2) + -9 - 2.
1
What is -2494 - -2511 - (7 + -1)?
11
What is 6 - -2 - (-1 + 5 + 1)?
3
Evaluate 741 - 723 - (-1 - -16).
3
Evaluate (-173 - -178) + 2 + 6.
13
Calculate -6 + (-1 - (7 + -17 - -9)).
-6
What is -6 + (17 - 4) - (-12 - -6)?
13
Calculate (36 - (14 - 27)) + -24.
25
Calculate (-1 - 2) + 0 + 0 + 1.
-2
-9 + 1 + (-7 - (-4 - 0))
-11
2 - (-3 + 1) - (41 + -17 - 28)
8
8 - ((-2 - -9) + 16 + -4)
-11
Evaluate -18 + -37 + 35 + (9 - (1 + 1)).
-13
Evaluate 10 - ((1 - -1) + (-19 - (24 + -48))).
3
What is 13 + (-2 - -1) + (-8 - -24)?
28
What is 215 + -204 - (10 + (-2 - -4))?
-1
Evaluate -2 + (85 - 85) + 3 + -8.
-7
Calculate 20 + (15 - 27) + -39.
-31
Calculate (12 - (4 + -10 + 15) - 7) + -10.
-14
Evaluate -3 + (5 - 10 - -6) + 28.
26
-8 + (19 - 44) + 14
-19
What is the value of (5 - 1 - (395 + -406)) + 12?
27
What is the value of 0 + -14 + 3 - (-7 - -22)?
-26
What is the value of -1754 + 1741 - (1 - -5)?
-19
25 + 30 + 16 + -99
-28
18 + (3 - (15 - (-12 - -21)))
15
Calculate -3 - (-7 + (2 - -16)).
-14
What is -21 + (11 - -6) - (2 + -4)?
-2
What is the value of -5 - 6 - -6 - (-8 + (5 - 9))?
7
What is the value of 4 + (8 - 7) - (-1 - 2 - -4)?
4
-2 + -65 + (23 - -17)
-27
What is the value of 36 - 58 - (-10 + -8)?
-4
-1 - ((-3 - (3 - 18)) + (204 - 224))
7
What is 8 + 2 + -13 + -4?
-7
Calculate (-18 - (-2 - (2 + 3))) + (0 - 0).
-11
What is the value of 12 + -21 - (27 - 25)?
-11
Evaluate 1283 - 1271 - (1 - (-18 + 0)).
-7
What is (-27 - (-2 - 34)) + -26?
-17
What is -1 + 4 + (-9 + -4 + 5 - -6)?
1
13 + 8 + (-17 + 9 - (-3 - -3))
13
Evaluate 178 - 168 - (0 - -2).
8
What is -9 + 2 + (2 - 5) + (-104 - -98)?
-16
(2 - -2) + -4 + 3 - -7
10
Evaluate 226 + -219 + (0 - 14).
-7
Calculate -59 + 28 + 8 + 4.
-19
What is the value of 17 - (5 - -7 - 20 - -10)?
15
What is -117 + 128 + (-1 - 12)?
-2
What is -3 - (8 - (11 - 1) - 1)?
0
What is the value of 17 + 8 - 47 - -6?
-16
Evaluate (8 - 23) + (2 + 1 - (39 + -32)).
-19
What is the value of 5 - 2 - 2 - (-97 + 99)?
-1
What is -10 + 8 - (-16 - (-6 - 4))?
4
Calculate 45 + (-40 - (20 - 30)).
15
What is 5 + 2 + (-9 - (-13 - (-12 - -9)))?
8
What is the value of (-4 - -6 - -4) + (5 - 4)?
7
What is the value of 59 + 12 + -65 + 0 + -17?
-11
Evaluate (1 - 5) + -3 + 16 + (2 - 3).
8
What is (-5 - (-25 + 43)) + 8 + -1 + 3?
-13
Calculate 29 - (-19 + 25) - 9.
14
(3 - 5) + 11 - 3 - (7 - 5)
4
What is -19 - (2 + -2) - (14 + 15 - 36)?
-12
Evaluate 12 + (0 + -26 - -13).
-1
Calculate -22 - (24 + -16 + -13).
-17
What is the value of 7 + 8 - 31 - -12?
-4
What is the value of -3 - -20 - 3 - (-35 + 50)?
-1
8 + (9 - 10 - -11) + -21 + 1
-2
Evaluate 41 - 43 - (0 + (2 - 0) + -2).
-2
What is the value of 10 + -24 + 28 + -1 - 9?
4
What is the value of -7 + 8 - 4 - (-13 + 14)?
-4
-8 + 0 - (-13 - (9 + -28) - 6)
-8
Calculate -3 - (1 + 5 - 2 - -5).
-12
Calculate -6 - (52 + -24) - -34.
0
What is the value of 39 + -34 + (0 - -1) + -5?
1
What is 4 - (-10 + 8 + 6 + 3 - 26)?
23
Calculate 341 - 337 - (-10 - -1).
13
Evaluate 6 - 3 - ((28 - 25) + (9 - -6)).
-15
What is 27 - 1 - (265 - 251) - (7 + 1)?
4
-74 + 85 + (6 + 0 - 0)
17
What is the value of 5 + 0 + 0 + (-48 - (-36 + -6))?
-1
Evaluate 5 + 24 - 20 - -2.
11
What is the value of 2 - (7 - -3 - 10 - 2)?
4
Calculate (1 - (2 + 24)) + 0 + (-359 - -352).
-32
Calculate (27 - (50 - -4)) + 27.
0
What is -3 - ((0 - 18) + (24 - 16))?
7
Calculate (32 - 36) + (0 + -3 + 10 - -1).
4
What is (-13 - -8) + (3 - 9)?
-11
Evaluate -7 + (16 + -5 + -11 - -2).
-5
What is -25 + 43 + -22 + (0 - -7)?
3
What is the value of 11 + (-8 - 23) - 2?
-22
Evaluate -13 - (27 + -46 + -26).
32
10 - ((6 - 4) + -7) - (-8 + 13)
10
